{"id":787,"date":"2024-09-20T09:49:53","date_gmt":"2024-09-20T07:49:53","guid":{"rendered":"https:\/\/studiowaiwai.fr\/?page_id=787"},"modified":"2025-01-22T13:09:19","modified_gmt":"2025-01-22T12:09:19","slug":"hellolateammariecurry","status":"publish","type":"page","link":"https:\/\/studiowaiwai.fr\/index.php\/hellolateammariecurry\/","title":{"rendered":"Hello la Team Marie Curry"},"content":{"rendered":"\t\t<div data-elementor-type=\"wp-page\" data-elementor-id=\"787\" class=\"elementor elementor-787\">\n\t\t\t\t\t\t\t<div class=\"elementor-element elementor-element-bbec6f7 e-con-full e-flex e-con e-parent\" data-id=\"bbec6f7\" data-element_type=\"container\" data-settings=\"{&quot;content_width&quot;:&quot;full&quot;}\" data-core-v316-plus=\"true\">\n\t\t\t\t<div class=\"elementor-element elementor-element-c4bf597 elementor-widget elementor-widget-heading\" data-id=\"c4bf597\" data-element_type=\"widget\" data-widget_type=\"heading.default\">\n\t\t\t\t<div class=\"elementor-widget-container\">\n\t\t\t<style>\/*! elementor - v3.18.0 - 08-12-2023 *\/\n.elementor-heading-title{padding:0;margin:0;line-height:1}.elementor-widget-heading .elementor-heading-title[class*=elementor-size-]>a{color:inherit;font-size:inherit;line-height:inherit}.elementor-widget-heading .elementor-heading-title.elementor-size-small{font-size:15px}.elementor-widget-heading .elementor-heading-title.elementor-size-medium{font-size:19px}.elementor-widget-heading .elementor-heading-title.elementor-size-large{font-size:29px}.elementor-widget-heading .elementor-heading-title.elementor-size-xl{font-size:39px}.elementor-widget-heading .elementor-heading-title.elementor-size-xxl{font-size:59px}<\/style><h2 class=\"elementor-heading-title elementor-size-default\">hello la Team<div>Marie Curry<\/div><\/h2>\t\t<\/div>\n\t\t\t\t<\/div>\n\t\t\t\t<\/div>\n\t\t<div class=\"elementor-element elementor-element-a2a3a4d e-flex e-con-boxed e-con e-parent\" data-id=\"a2a3a4d\" data-element_type=\"container\" data-settings=\"{&quot;content_width&quot;:&quot;boxed&quot;}\" data-core-v316-plus=\"true\">\n\t\t\t\t\t<div class=\"e-con-inner\">\n\t\t\t\t<div class=\"elementor-element elementor-element-017b38d elementor-widget elementor-widget-video\" data-id=\"017b38d\" data-element_type=\"widget\" data-settings=\"{&quot;video_type&quot;:&quot;hosted&quot;,&quot;controls&quot;:&quot;yes&quot;}\" data-widget_type=\"video.default\">\n\t\t\t\t<div class=\"elementor-widget-container\">\n\t\t\t<style>\/*! elementor - v3.18.0 - 08-12-2023 *\/\n.elementor-widget-video .elementor-widget-container{overflow:hidden;transform:translateZ(0)}.elementor-widget-video .elementor-wrapper{aspect-ratio:var(--video-aspect-ratio)}.elementor-widget-video .elementor-wrapper iframe,.elementor-widget-video .elementor-wrapper video{height:100%;width:100%;display:flex;border:none;background-color:#000}@supports not (aspect-ratio:1\/1){.elementor-widget-video .elementor-wrapper{position:relative;overflow:hidden;height:0;padding-bottom:calc(100% \/ var(--video-aspect-ratio))}.elementor-widget-video .elementor-wrapper iframe,.elementor-widget-video .elementor-wrapper video{position:absolute;top:0;right:0;bottom:0;left:0}}.elementor-widget-video .elementor-open-inline .elementor-custom-embed-image-overlay{position:absolute;top:0;right:0;bottom:0;left:0;background-size:cover;background-position:50%}.elementor-widget-video .elementor-custom-embed-image-overlay{cursor:pointer;text-align:center}.elementor-widget-video .elementor-custom-embed-image-overlay:hover .elementor-custom-embed-play i{opacity:1}.elementor-widget-video .elementor-custom-embed-image-overlay img{display:block;width:100%;aspect-ratio:var(--video-aspect-ratio);-o-object-fit:cover;object-fit:cover;-o-object-position:center center;object-position:center center}@supports not (aspect-ratio:1\/1){.elementor-widget-video .elementor-custom-embed-image-overlay{position:relative;overflow:hidden;height:0;padding-bottom:calc(100% \/ var(--video-aspect-ratio))}.elementor-widget-video .elementor-custom-embed-image-overlay img{position:absolute;top:0;right:0;bottom:0;left:0}}.elementor-widget-video .e-hosted-video .elementor-video{-o-object-fit:cover;object-fit:cover}.e-con-inner>.elementor-widget-video,.e-con>.elementor-widget-video{width:var(--container-widget-width);--flex-grow:var(--container-widget-flex-grow)}<\/style>\t\t<div class=\"e-hosted-video elementor-wrapper elementor-open-inline\">\n\t\t\t\t\t<video class=\"elementor-video\" src=\"http:\/\/studiowaiwai.fr\/wp-content\/uploads\/2025\/01\/copy_C3CB0656-3F95-4060-9B5F-1FA34D55AA13.mov\" controls=\"\" preload=\"metadata\" controlsList=\"nodownload\"><\/video>\n\t\t\t\t<\/div>\n\t\t\t\t<\/div>\n\t\t\t\t<\/div>\n\t\t\t\t\t<\/div>\n\t\t\t\t<\/div>\n\t\t\t\t\t\t\t<\/div>\n\t\t","protected":false},"excerpt":{"rendered":"<p>hello la TeamMarie Curry http:\/\/studiowaiwai.fr\/wp-content\/uploads\/2025\/01\/copy_C3CB0656-3F95-4060-9B5F-1FA34D55AA13.mov<\/p>\n","protected":false},"author":1,"featured_media":0,"parent":0,"menu_order":0,"comment_status":"closed","ping_status":"closed","template":"","meta":{"om_disable_all_campaigns":false,"_monsterinsights_skip_tracking":false,"_monsterinsights_sitenote_active":false,"_monsterinsights_sitenote_note":"","_monsterinsights_sitenote_category":0,"footnotes":""},"class_list":["post-787","page","type-page","status-publish","hentry","entry","owp-thumbs-layout-horizontal","owp-btn-normal","owp-tabs-layout-horizontal","has-no-thumbnails","has-product-nav"],"yoast_head":"<!-- This site is optimized with the Yoast SEO plugin v21.7 - https:\/\/yoast.com\/wordpress\/plugins\/seo\/ -->\n<title>Hello la Team Marie Curry - Studiowa\u00efwa\u00ef<\/title>\n<meta name=\"robots\" content=\"index, follow, max-snippet:-1, max-image-preview:large, max-video-preview:-1\" \/>\n<link rel=\"canonical\" href=\"https:\/\/studiowaiwai.fr\/index.php\/hellolateammariecurry\/\" \/>\n<meta property=\"og:locale\" content=\"fr_FR\" \/>\n<meta property=\"og:type\" content=\"article\" \/>\n<meta property=\"og:title\" content=\"Hello la Team Marie Curry - Studiowa\u00efwa\u00ef\" \/>\n<meta property=\"og:description\" content=\"hello la TeamMarie Curry http:\/\/studiowaiwai.fr\/wp-content\/uploads\/2025\/01\/copy_C3CB0656-3F95-4060-9B5F-1FA34D55AA13.mov\" \/>\n<meta property=\"og:url\" content=\"https:\/\/studiowaiwai.fr\/index.php\/hellolateammariecurry\/\" \/>\n<meta property=\"og:site_name\" content=\"Studiowa\u00efwa\u00ef\" \/>\n<meta property=\"article:modified_time\" content=\"2025-01-22T12:09:19+00:00\" \/>\n<meta name=\"twitter:card\" content=\"summary_large_image\" \/>\n<meta name=\"twitter:label1\" content=\"Dur\u00e9e de lecture estim\u00e9e\" \/>\n\t<meta name=\"twitter:data1\" content=\"1 minute\" \/>\n<script type=\"application\/ld+json\" class=\"yoast-schema-graph\">{\"@context\":\"https:\/\/schema.org\",\"@graph\":[{\"@type\":\"WebPage\",\"@id\":\"https:\/\/studiowaiwai.fr\/index.php\/hellolateammariecurry\/\",\"url\":\"https:\/\/studiowaiwai.fr\/index.php\/hellolateammariecurry\/\",\"name\":\"Hello la Team Marie Curry - Studiowa\u00efwa\u00ef\",\"isPartOf\":{\"@id\":\"https:\/\/studiowaiwai.fr\/#website\"},\"datePublished\":\"2024-09-20T07:49:53+00:00\",\"dateModified\":\"2025-01-22T12:09:19+00:00\",\"breadcrumb\":{\"@id\":\"https:\/\/studiowaiwai.fr\/index.php\/hellolateammariecurry\/#breadcrumb\"},\"inLanguage\":\"fr-FR\",\"potentialAction\":[{\"@type\":\"ReadAction\",\"target\":[\"https:\/\/studiowaiwai.fr\/index.php\/hellolateammariecurry\/\"]}]},{\"@type\":\"BreadcrumbList\",\"@id\":\"https:\/\/studiowaiwai.fr\/index.php\/hellolateammariecurry\/#breadcrumb\",\"itemListElement\":[{\"@type\":\"ListItem\",\"position\":1,\"name\":\"Accueil\",\"item\":\"https:\/\/studiowaiwai.fr\/\"},{\"@type\":\"ListItem\",\"position\":2,\"name\":\"Hello la Team Marie Curry\"}]},{\"@type\":\"WebSite\",\"@id\":\"https:\/\/studiowaiwai.fr\/#website\",\"url\":\"https:\/\/studiowaiwai.fr\/\",\"name\":\"Studiowa\u00efwa\u00ef\",\"description\":\"Un site utilisant WordPress\",\"publisher\":{\"@id\":\"https:\/\/studiowaiwai.fr\/#organization\"},\"potentialAction\":[{\"@type\":\"SearchAction\",\"target\":{\"@type\":\"EntryPoint\",\"urlTemplate\":\"https:\/\/studiowaiwai.fr\/?s={search_term_string}\"},\"query-input\":\"required name=search_term_string\"}],\"inLanguage\":\"fr-FR\"},{\"@type\":\"Organization\",\"@id\":\"https:\/\/studiowaiwai.fr\/#organization\",\"name\":\"Studiowa\u00efwa\u00ef\",\"url\":\"https:\/\/studiowaiwai.fr\/\",\"logo\":{\"@type\":\"ImageObject\",\"inLanguage\":\"fr-FR\",\"@id\":\"https:\/\/studiowaiwai.fr\/#\/schema\/logo\/image\/\",\"url\":\"https:\/\/studiowaiwai.fr\/wp-content\/uploads\/2023\/12\/cropped-Logo-secondaire-Sapin-03.png\",\"contentUrl\":\"https:\/\/studiowaiwai.fr\/wp-content\/uploads\/2023\/12\/cropped-Logo-secondaire-Sapin-03.png\",\"width\":2704,\"height\":451,\"caption\":\"Studiowa\u00efwa\u00ef\"},\"image\":{\"@id\":\"https:\/\/studiowaiwai.fr\/#\/schema\/logo\/image\/\"}}]}<\/script>\n<!-- \/ Yoast SEO plugin. -->","yoast_head_json":{"title":"Hello la Team Marie Curry - Studiowa\u00efwa\u00ef","robots":{"index":"index","follow":"follow","max-snippet":"max-snippet:-1","max-image-preview":"max-image-preview:large","max-video-preview":"max-video-preview:-1"},"canonical":"https:\/\/studiowaiwai.fr\/index.php\/hellolateammariecurry\/","og_locale":"fr_FR","og_type":"article","og_title":"Hello la Team Marie Curry - Studiowa\u00efwa\u00ef","og_description":"hello la TeamMarie Curry http:\/\/studiowaiwai.fr\/wp-content\/uploads\/2025\/01\/copy_C3CB0656-3F95-4060-9B5F-1FA34D55AA13.mov","og_url":"https:\/\/studiowaiwai.fr\/index.php\/hellolateammariecurry\/","og_site_name":"Studiowa\u00efwa\u00ef","article_modified_time":"2025-01-22T12:09:19+00:00","twitter_card":"summary_large_image","twitter_misc":{"Dur\u00e9e de lecture estim\u00e9e":"1 minute"},"schema":{"@context":"https:\/\/schema.org","@graph":[{"@type":"WebPage","@id":"https:\/\/studiowaiwai.fr\/index.php\/hellolateammariecurry\/","url":"https:\/\/studiowaiwai.fr\/index.php\/hellolateammariecurry\/","name":"Hello la Team Marie Curry - Studiowa\u00efwa\u00ef","isPartOf":{"@id":"https:\/\/studiowaiwai.fr\/#website"},"datePublished":"2024-09-20T07:49:53+00:00","dateModified":"2025-01-22T12:09:19+00:00","breadcrumb":{"@id":"https:\/\/studiowaiwai.fr\/index.php\/hellolateammariecurry\/#breadcrumb"},"inLanguage":"fr-FR","potentialAction":[{"@type":"ReadAction","target":["https:\/\/studiowaiwai.fr\/index.php\/hellolateammariecurry\/"]}]},{"@type":"BreadcrumbList","@id":"https:\/\/studiowaiwai.fr\/index.php\/hellolateammariecurry\/#breadcrumb","itemListElement":[{"@type":"ListItem","position":1,"name":"Accueil","item":"https:\/\/studiowaiwai.fr\/"},{"@type":"ListItem","position":2,"name":"Hello la Team Marie Curry"}]},{"@type":"WebSite","@id":"https:\/\/studiowaiwai.fr\/#website","url":"https:\/\/studiowaiwai.fr\/","name":"Studiowa\u00efwa\u00ef","description":"Un site utilisant WordPress","publisher":{"@id":"https:\/\/studiowaiwai.fr\/#organization"},"potentialAction":[{"@type":"SearchAction","target":{"@type":"EntryPoint","urlTemplate":"https:\/\/studiowaiwai.fr\/?s={search_term_string}"},"query-input":"required name=search_term_string"}],"inLanguage":"fr-FR"},{"@type":"Organization","@id":"https:\/\/studiowaiwai.fr\/#organization","name":"Studiowa\u00efwa\u00ef","url":"https:\/\/studiowaiwai.fr\/","logo":{"@type":"ImageObject","inLanguage":"fr-FR","@id":"https:\/\/studiowaiwai.fr\/#\/schema\/logo\/image\/","url":"https:\/\/studiowaiwai.fr\/wp-content\/uploads\/2023\/12\/cropped-Logo-secondaire-Sapin-03.png","contentUrl":"https:\/\/studiowaiwai.fr\/wp-content\/uploads\/2023\/12\/cropped-Logo-secondaire-Sapin-03.png","width":2704,"height":451,"caption":"Studiowa\u00efwa\u00ef"},"image":{"@id":"https:\/\/studiowaiwai.fr\/#\/schema\/logo\/image\/"}}]}},"_links":{"self":[{"href":"https:\/\/studiowaiwai.fr\/index.php\/wp-json\/wp\/v2\/pages\/787","targetHints":{"allow":["GET"]}}],"collection":[{"href":"https:\/\/studiowaiwai.fr\/index.php\/wp-json\/wp\/v2\/pages"}],"about":[{"href":"https:\/\/studiowaiwai.fr\/index.php\/wp-json\/wp\/v2\/types\/page"}],"author":[{"embeddable":true,"href":"https:\/\/studiowaiwai.fr\/index.php\/wp-json\/wp\/v2\/users\/1"}],"replies":[{"embeddable":true,"href":"https:\/\/studiowaiwai.fr\/index.php\/wp-json\/wp\/v2\/comments?post=787"}],"version-history":[{"count":22,"href":"https:\/\/studiowaiwai.fr\/index.php\/wp-json\/wp\/v2\/pages\/787\/revisions"}],"predecessor-version":[{"id":824,"href":"https:\/\/studiowaiwai.fr\/index.php\/wp-json\/wp\/v2\/pages\/787\/revisions\/824"}],"wp:attachment":[{"href":"https:\/\/studiowaiwai.fr\/index.php\/wp-json\/wp\/v2\/media?parent=787"}],"curies":[{"name":"wp","href":"https:\/\/api.w.org\/{rel}","templated":true}]}}